actor of 4 and 95016.
4
Calculate the greatest common divisor of 1368834 and 6.
6
What is the greatest common divisor of 5952 and 324?
12
What is the greatest common divisor of 3776 and 62717?
59
Calculate the highest common divisor of 1080 and 1998.
54
What is the greatest common factor of 5912690 and 28?
14
Calculate the highest common factor of 1946 and 1854538.
1946
What is the highest common factor of 49 and 134652?
49
What is the greatest common factor of 72 and 17163?
9
Calculate the greatest common divisor of 1013194 and 1330.
266
Calculate the greatest common divisor of 5569935 and 105.
105
What is the highest common factor of 22649 and 319?
319
Calculate the highest common factor of 36696 and 4488.
264
What is the greatest common factor of 583218 and 90?
18
Calculate the greatest common divisor of 218 and 878322.
218
Calculate the greatest common divisor of 479 and 10588774.
479
What is the highest common divisor of 74655 and 1218?
21
What is the greatest common factor of 285 and 182715?
15
Calculate the highest common divisor of 103829 and 88.
11
What is the highest common factor of 345295 and 53?
53
Calculate the highest common factor of 4424 and 353367.
553
What is the highest common divisor of 168190 and 230?
10
What is the highest common factor of 179 and 1023343?
179
What is the highest common factor of 124416 and 2430?
486
Calculate the highest common factor of 29121 and 13107.
51
What is the highest common factor of 265 and 95?
5
What is the greatest common divisor of 19 and 1633?
1
Calculate the greatest common factor of 55 and 4489045.
55
What is the highest common factor of 1258 and 156214?
74
What is the highest common divisor of 760 and 164?
4
Calculate the highest common factor of 19 and 792927.
19
Calculate the highest common factor of 4140 and 10833.
69
Calculate the highest common factor of 285 and 31692.
57
What is the greatest common factor of 3023934 and 6?
6
What is the greatest common divisor of 40 and 22549840?
40
What is the greatest common divisor of 32200 and 36680?
280
What is the greatest common factor of 478 and 3502306?
478
What is the highest common divisor of 265 and 9315?
5
What is the highest common divisor of 208386 and 901?
17
Calculate the highest common factor of 88099 and 88.
11
What is the greatest common divisor of 605 and 50457?
121
What is the greatest common divisor of 4485 and 46575?
345
What is the highest common divisor of 960088 and 8?
8
Calculate the greatest common factor of 1970640 and 476.
476
Calculate the greatest common divisor of 18986 and 110.
22
What is the highest common factor of 1470 and 117750?
30
What is the greatest common factor of 3657 and 14835?
69
Calculate the highest common divisor of 220 and 21020.
20
What is the highest common factor of 30 and 8025?
15
What is the highest common factor of 452715 and 15?
15
What is the highest common divisor of 9737 and 7189?
91
Calculate the highest common factor of 7004 and 72512.
412
Calculate the greatest common divisor of 927 and 87.
3
Calculate the highest common divisor of 1662 and 234.
6
Calculate the greatest common factor of 294944 and 6240.
416
What is the highest common divisor of 1752 and 18576?
24
What is the highest common factor of 42 and 182154?
42
Calculate the greatest common factor of 2397 and 1275.
51
Calculate the greatest common divisor of 25 and 1188325.
25
What is the highest common divisor of 70127 and 299?
23
What is the highest common factor of 30984 and 1016?
8
Calculate the greatest common factor of 367202 and 44.
22
Calculate the greatest common divisor of 476 and 136850.
238
What is the greatest common factor of 18 and 874632?
6
Calculate the highest common factor of 28 and 26278.
14
Calculate the highest common factor of 28 and 942116.
28
What is the highest common factor of 14 and 1689926?
14
Calculate the highest common factor of 80 and 241840.
80
What is the greatest common factor of 2088042 and 374?
374
What is the greatest common divisor of 955 and 96073?
191
Calculate the greatest common factor of 16247 and 1232.
77
Calculate the greatest common divisor of 258 and 1125697.
43
What is the highest common factor of 35651 and 539?
77
Calculate the highest common factor of 39 and 741.
39
Calculate the highest common divisor of 65782 and 5305.
1061
Calculate the highest common divisor of 6820 and 64.
4
What is the highest common factor of 1152 and 21141?
9
Calculate the greatest common factor of 779 and 13382441.
779
Calculate the highest common divisor of 235 and 215.
5
Calculate the greatest common factor of 8255 and 254.
127
Calculate the greatest common factor of 870 and 3270.
30
Calculate the greatest common divisor of 40 and 679720.
40
Calculate the highest common divisor of 602531 and 68.
17
Calculate the greatest common factor of 1166 and 3074.
106
Calculate the greatest common factor of 131936 and 931.
133
Calculate the highest common divisor of 3017222 and 26.
26
Calculate the highest common divisor of 1557 and 3393.
9
What is the greatest common divisor of 20898 and 79704?
486
Calculate the greatest common divisor of 90597 and 2093.
299
What is the greatest common factor of 5 and 6185?
5
What is the highest common factor of 20544 and 8?
8
What is the highest common divisor of 111 and 60643?
37
What is the greatest common divisor of 114725 and 26?
13
Calculate the highest common factor of 29 and 126817.
29
What is the highest common divisor of 8460 and 24?
12
Calculate the greatest common divisor of 245 and 367045.
35
What is the greatest common factor of 79 and 3671?
1
What is the greatest common factor of 21 and 434?
7
What is the highest common divisor of 1116 and 131316?
372
Calculate the highest common divisor of 41960 and 30.
10
Calculate the highest common factor of 12646 and 4.
2
Calculate the highest common factor of 599909 and 46.
23
Calculate the highest common divisor of 32699 and 152.
19
What is the greatest common divisor of 25803 and 89487?
549
What is the greatest common factor of 6852 and 108?
12
Calculate the greatest common factor of 163115 and 4040.
505
What is the greatest common divisor of 32040 and 144?
72
What is the highest common divisor of 30457 and 154?
7
Calculate the greatest common factor of 105 and 1793295.
105
What is the greatest common divisor of 1219 and 283497?
53
What is the greatest common factor of 78 and 5439122?
26
What is the highest common divisor of 1179 and 189?
9
Calculate the highest common factor of 272 and 172584.
136
What is the greatest common divisor of 858945 and 1730?
865
Calculate the greatest common divisor of 6 and 3013.
1
What is the greatest common divisor of 7254936 and 2760?
552
Calculate the highest common divisor of 1113 and 72807.
21
What is the greatest common divisor of 1676079 and 92?
23
Calculate the greatest common divisor of 2637 and 927.
9
Calculate the highest common divisor of 13953230 and 10.
10
Calculate the highest common factor of 2425 and 7663.
97
Calculate the greatest common divisor of 415212 and 1512.
84
What is the highest common divisor of 48020 and 18060?
140
What is the greatest common factor of 2040 and 3270?
30
What is the greatest common divisor of 28372 and 51554?
346
Calculate the greatest common divisor of 2101 and 96073.
191
Calculate the highest common factor of 20189 and 621200.
1553
Calculate the highest common factor of 485499 and 183.
183
What is the highest common divisor of 56 and 8309?
7
What is the greatest common factor of 693 and 27?
9
Calculate the highest common factor of 124438 and 2.
2
Calculate the highest common divisor of 728 and 6804.
28
What is the greatest common divisor of 234 and 8739?
9
Calculate the highest common divisor of 25014 and 61398.
2274
Calculate the highest common divisor of 20439 and 189.
27
What is the highest common divisor of 4599 and 7519?
73
Calculate the highest common divisor of 132977 and 38584.
689
What is the greatest common divisor of 27 and 6816123?
27
Calculate the greatest common divisor of 1152 and 55584.
288
Calculate the greatest common divisor of 62107 and 1384.
173
Calculate the greatest common factor of 549279 and 99.
9
What is the greatest common divisor of 165 and 3531?
33
Calculate the highest common divisor of 84 and 48916.
28
What 